he remainder when 69 is divided by g?
9
Let b(c) = -2*c. Let v be b(5). Let o = -7 - v. Suppose 8 = o*x - 2*x. Calculate the remainder when 14 is divided by x.
6
Let r be 1/(-3) - 16/(-3). Let h(x) = 4*x - r + 0 - 5. What is the remainder when h(10) is divided by 11?
8
Calculate the remainder when 36 is divided by (19/2)/((-2)/(-4)).
17
Let m = 248 - 157. Calculate the remainder when m is divided by 23.
22
Suppose 241 = -3*u + 7*u - y, 4*u = -4*y + 216. Calculate the remainder when u is divided by 32 + (-3)/(-27) + (-10)/9.
28
Let p(r) = 22*r + 2. Let k be p(2). Let y = -19 + k. Let u(m) = -m**3 + 5*m**2 + 9*m - 4. Calculate the remainder when y is divided by u(6).
13
Let l(k) = 3*k**2 + 2*k**3 + 57 - 2*k - k**3 - 53. Let y be 2/(-9) + (-75)/27. Calculate the remainder when 29 is divided by l(y).
9
Suppose -3*t - 35 = 5*s - 5*t, -4*t + 30 = -2*s. Calculate the remainder when s + 5 + 43/1 is divided by (-12)/16 + (-94)/(-8).
10
Let f be -3*(30/(-9) - -3). Let u be 7/(((-2)/2)/f). Let d = 14 + u. Calculate the remainder when 11 is divided by d.
4
Let m be (-51)/(-7) + 16/(-56). Let c = m + 4. What is the remainder when 41 is divided by c?
8
Suppose 0*u - 34 = -u. Let f be 9/12 + 186/8. Suppose -f = -3*r + 30. Calculate the remainder when u is divided by r.
16
Suppose 4*t + 68 = 4*a, 2*a - 5*a - 3*t + 51 = 0. Suppose 5*i - a = 93. Calculate the remainder when i is divided by 12.
10
Let h be ((-12)/5 + 3)*5. Suppose 5*c - 12 = -i, 4*c - c = h*i - 18. What is the remainder when 27 is divided by i?
6
Suppose 141 - 24 = 3*a. Suppose -6*h + 33 + a = 0. Calculate the remainder when 47 is divided by h.
11
Let f be ((-4)/10)/(1/(-15)). Let j(x) = 3*x**2 + 30*x - 24. Calculate the remainder when f/(-2)*(-50)/6 is divided by j(-11).
7
Suppose q = 1, -4*w + 0*w = -5*q - 15. Suppose 0 = w*v - 2*v - 45. Suppose v = d - 20. Calculate the remainder when d is divided by 12.
11
Let t(k) = 6*k - 3. Suppose 756 = -2*z + 5*z. Suppose 4*h - 3*g = 307, 6*h + 5*g - z = 3*h. Calculate the remainder when h is divided by t(5).
25
Let n(w) = -w**2 - w + 53. Calculate the remainder when n(0) is divided by 19.
15
What is the remainder when 10*(-1)/2*-6 is divided by 11?
8
Suppose -36 = -3*w - 0*w. Let t(d) be the second derivative of -3*d**3 - d**2 - d. Calculate the remainder when t(-2) is divided by w.
10
Let g be ((-8)/3 - -2)*-6. Suppose -g*q - 4*i + 32 = 0, -3 + 0 = -3*i. What is the remainder when 32 is divided by q?
4
Suppose 11 = 3*f - t - 0*t, -4*f + 17 = t. Suppose -5*y + 6*j = 4*j, 3*y + 2*j = 16. What is the remainder when f is divided by y?
0
Let z(l) = -1 - 2*l + 0 - 1. Let p be z(-3). Suppose -2*f + p*n = f - 56, 2*n = 3*f - 52. What is the remainder when f is divided by 6?
4
Calculate the remainder when 22 is divided by (-3)/(-5) + (-84)/(-10).
4
Suppose -11*k = -15*k - 24. Let w(v) = -2*v - 3 - 1 - 1. What is the remainder when 12 is divided by w(k)?
5
Calculate the remainder when 29 is divided by -3 + (-19)/(-1) + -1.
14
Let k = -64 - -75. What is the remainder when 108 is divided by k?
9
Let i = 1 - -4. Suppose 0 = -4*n - 4*q + 12, 3*n = i*q + 15 + 10. Let j(o) = -o**2 - 7*o + 3. What is the remainder when n is divided by j(-7)?
2
Let v = 10 - -4. Suppose 5*y = -3*g + 416, -y = -3*g - v - 62. What is the remainder when y is divided by 21?
19
Let g = -6 - -5. Let p be g/(-3 + (-6)/(-3)). What is the remainder when 14 + p + (1 - 2) is divided by 5?
4
Let c be (-3)/(-18) - (-623)/42. Let h = c + -6. Calculate the remainder when 35 is divided by h.
8
Let l(a) = a**2 - 4*a - 15. Calculate the remainder when l(-6) is divided by 16.
13
Let o(h) be the third derivative of 13*h**4/24 + h**3/2 + h**2. What is the remainder when o(4) is divided by 19?
17
Let d be (-5 + 4)/(1/(-26)). Suppose 5*v - d = -0*v - 4*y, -5*v + 31 = -y. Suppose t - 6 = v. What is the remainder when 33 is divided by t?
9
Let j(x) = -x**2 - 11*x. Calculate the remainder when j(-9) is divided by 7.
4
Suppose 4 = -5*r - 6. Let k be 42/(3*1/r). Calculate the remainder when 16 is divided by (-24)/k*14/2.
4
Let k = 15 + 0. Calculate the remainder when 59 is divided by k.
14
Suppose b + 2*b - 108 = 0. What is the remainder when b is divided by 0 + 2 + -2 + 19?
17
Let f = -2 + 4. Suppose -4*k = -3*r, -2*r - 3*k = 3*r - 29. Suppose 0 = r*z - f*z - 20. What is the remainder when 38 is divided by z?
8
Calculate the remainder when -9*4/(24/(-38)) is divided by 20.
17
Let n = 52 - 29. Suppose 5*f + 16 = -3*i, 8 = -3*i - 3*f - 16. What is the remainder when n is divided by (-100)/i + (-1)/3?
7
Suppose 0 = 5*f + 4*r - 35, -r + 5*r - 20 = 0. Suppose 22 = -h + f*h. Calculate the remainder when h is divided by 6.
5
Let c(n) = n + 2. Let i be c(0). What is the remainder when 1/((-7)/(-3) - i) is divided by 12/(-10) + 1 - (-11)/5?
1
Suppose 32 = -4*l + 168. What is the remainder when l is divided by 18?
16
Let u be 163 - (-3)/6*-4. Suppose u = -4*g + 409. What is the remainder when g is divided by 21?
20
Let v = -11 - -20. Suppose 9 = -4*u + 5*f + 45, -24 = -3*u + 3*f. Calculate the remainder when v is divided by u.
1
Suppose 6*j + 2 = 4*j. Suppose q - 3*a - 4 = 0, -5*q - a + 77 = 3*a. What is the remainder when -3 - (-56 - (-2 + j)) is divided by q?
11
Suppose -4*c = 1 - 5. What is the remainder when 61 is divided by -3*(c + 2*-4)?
19
Suppose -7*t = -2*t - 65. Let i = -16 + 7. Let f = i + t. What is the remainder when 6 is divided by f?
2
Suppose 2*i + 9 = 3*s - 20, 4*s + 4*i - 12 = 0. What is the remainder when 19 is divided by s?
5
What is the remainder when (-6)/4*(-48)/4 is divided by 2?
0
Let i be -1 - 4/(12/9). Calculate the remainder when (-142)/i*(-3 - -5) is divided by 24.
23
Let h = 29 - 10. What is the remainder when h is divided by 11?
8
Let p(i) = 2*i - 6. Let w be p(5). Suppose 5*d - 45 = 2*d. What is the remainder when (w/(-5))/((-4)/220) is divided by d?
14
Suppose 4*c - 12 = -0*c. Suppose -51 = -c*n + 3. What is the remainder when n is divided by 9 + (1 - 0/(-2))?
8
Suppose 4 = d - 2*d. Calculate the remainder when 42 is divided by (-2)/d*(2 + 20).
9
What is the remainder when 2 - (-1)/(3/6) is divided by 2/4 - (-3)/2?
0
Suppose -68 = -8*v - 36. Let z = 2 - 0. What is the remainder when v is divided by z?
0
Let t(x) = 3*x - 26. Let r be ((-2)/4)/((-2)/24). Let j = r - 4. Calculate the remainder when j is divided by t(9).
0
What is the remainder when -1*(-3399)/39 + (-24)/156 is divided by 15?
12
Let x(l) = l**3 + 7*l**2 + 3*l - 5. What is the remainder when x(-5) is divided by 11?
8
Suppose 0*p - 72 = -4*p. What is the remainder when 69 is divided by p?
15
What is the remainder when (6 + 0)*77/42 is divided by 5?
1
Let m = 4 + -1. Suppose 5*f = 35 + 20. Calculate the remainder when f is divided by m.
2
Suppose 5*s - 44 = a, s - 6 = a + 2*a. Calculate the remainder when 79 is divided by s.
7
Let q = 5 + 10. Let p = -53 - -79. What is the remainder when p is divided by 2*(2 - q/(-6))?
8
Suppose -4*n - n + 70 = 4*x, -3*n + 42 = 3*x. Calculate the remainder when 66/n - (-4)/14 is divided by 2.
1
Let m = -6 + 17. What is the remainder when m is divided by 4?
3
Let z = -64 - -78. What is the remainder when 52 is divided by z?
10
Suppose -2*x = -4*o + 26, -5*o = x + 1 - 16. Suppose -108 = -o*b + 52. Calculate the remainder when b is divided by 14.
12
Suppose v + 4*k - 24 = 0, -k + 0 - 130 = -4*v. Calculate the remainder when 59 is divided by v.
27
Suppose -473 = 3*t + 139. Let x be t/(-8)*4/6. Let b = x - -14. What is the remainder when b is divided by 16?
15
Suppose 2*q - 15 = 7*q. Let p = 1 - 0. Calculate the remainder when (-1)/(q/(6 - 3)) is divided by p.
0
Suppose -4*v - 32 = -124. What is the remainder when 42 is divided by v?
19
Let i = 16 + -11. Suppose 27 = -5*o - 23. Calculate the remainder when (-1)/i - 182/o is divided by 10.
8
Let p(n) = -n**3 - 3*n**2 + 3. Suppose 0 = -3*u + 8*u + 3*k + 32, -2*k = 4*u + 24. What is the remainder when 56 is divided by p(u)?
18
Suppose -8 + 0 = -3*j + 4*c, 0 = -2*j - 2*c + 10. Suppose 0 = -j*m - 5*t + 85, 5*m + 0*t - 80 = -t. Calculate the remainder when 56 is divided by m.
11
Let s(b) = -16*b + 9. What is the remainder when s(-4) is divided by 37?
36
Suppose 0*f - 5*f - 4*v = -324, 0 = 3*f - 4*v - 188. Calculate the remainder when f is divided by 18.
